9?
9
What is the ten thousands digit of 305978593?
7
What is the tens digit of 4637791148?
4
What is the units digit of 66893307?
7
What is the units digit of 35571127?
7
What is the millions digit of 41509177?
1
What is the millions digit of 31121110?
1
What is the thousands digit of 61142877?
2
What is the hundred millions digit of 546567483?
5
What is the hundreds digit of 1483079005?
0
What is the thousands digit of 2883461825?
1
What is the hundreds digit of 92875812?
8
What is the ten thousands digit of 144632999?
3
What is the millions digit of 102616575?
2
What is the millions digit of 311161507?
1
What is the units digit of 865649931?
1
What is the units digit of 291344011?
1
What is the hundred thousands digit of 2373454242?
4
What is the ten millions digit of 61999048?
6
What is the millions digit of 153229854?
3
What is the units digit of 140659127?
7
What is the tens digit of 3231607186?
8
What is the thousands digit of 49200522?
0
What is the ten millions digit of 422326172?
2
What is the tens digit of 40044647?
4
What is the hundred millions digit of 1185028717?
1
What is the hundred thousands digit of 191045146?
0
What is the ten thousands digit of 40610109?
1
What is the hundred millions digit of 536904899?
5
What is the ten thousands digit of 38663917?
6
What is the millions digit of 283534497?
3
What is the hundreds digit of 870220636?
6
What is the units digit of 400806904?
4
What is the millions digit of 892400866?
2
What is the thousands digit of 755322336?
2
What is the hundred millions digit of 229688947?
2
What is the millions digit of 1847287328?
7
What is the ten millions digit of 1127434347?
2
What is the hundreds digit of 4062896?
8
What is the hundreds digit of 123328904?
9
What is the thousands digit of 200199425?
9
What is the hundred thousands digit of 71358900?
3
What is the units digit of 1930741501?
1
What is the tens digit of 1309200073?
7
What is the hundreds digit of 223797053?
0
What is the billions digit of 7502113910?
7
What is the units digit of 69383577?
7
What is the billions digit of 5219548084?
5
What is the ten thousands digit of 144695822?
9
What is the ten millions digit of 733940463?
3
What is the tens digit of 548400599?
9
What is the hundreds digit of 959926095?
0
What is the hundreds digit of 1036745257?
2
What is the units digit of 282879034?
4
What is the units digit of 1403474184?
4
What is the units digit of 938641284?
4
What is the units digit of 24068352?
2
What is the millions digit of 70850046?
0
What is the hundreds digit of 171233605?
6
What is the tens digit of 3233138686?
8
What is the hundred millions digit of 276270970?
2
What is the tens digit of 1397962334?
3
What is the hundred millions digit of 1449462635?
4
What is the ten thousands digit of 186448107?
4
What is the thousands digit of 4652837483?
7
What is the hundreds digit of 7256946297?
2
What is the hundred thousands digit of 155546939?
5
What is the thousands digit of 569915439?
5
What is the hundred millions digit of 248976588?
2
What is the ten thousands digit of 100802797?
0
What is the ten millions digit of 77716388?
7
What is the tens digit of 92980045?
4
What is the units digit of 481993455?
5
What is the ten millions digit of 746649329?
4
What is the tens digit of 25805607?
0
What is the tens digit of 42905325?
2
What is the hundreds digit of 72866330?
3
What is the millions digit of 7558460?
7
What is the ten thousands digit of 180881521?
8
What is the hundreds digit of 116947550?
5
What is the units digit of 44207299?
9
What is the ten millions digit of 1771426333?
7
What is the hundred thousands digit of 46366195?
3
What is the ten millions digit of 2280094195?
8
What is the tens digit of 140854603?
0
What is the units digit of 56082567?
7
What is the units digit of 758697536?
6
What is the millions digit of 1379688375?
9
What is the hundreds digit of 70652935?
9
What is the units digit of 492757586?
6
What is the hundred millions digit of 184542706?
1
What is the hundred thousands digit of 245491005?
4
What is the tens digit of 713448660?
6
What is the ten thousands digit of 350757855?
5
What is the units digit of 28348009?
9
What is the hundred thousands digit of 332658047?
6
What is the tens digit of 514160452?
5
What is the millions digit of 14172666?
4
What is the units digit of 716560092?
2
What is the tens digit of 4809747635?
3
What is the ten thousands digit of 771043469?
4
What is the units digit of 70014151?
1
What is the units digit of 513576189?
9
What is the hundreds digit of 46396368?
3
What is the hundreds digit of 156413902?
9
What is the thousands digit of 72244003?
4
What is the tens digit of 1096848064?
6
What is the hundreds digit of 1869173173?
1
What is the ten millions digit of 1180439152?
8
What is the hundred thousands digit of 1034135334?
1
What is the hundred thousands digit of 470129571?
1
What is the hundred millions digit of 589383901?
5
What is the thousands digit of 615465510?
5
What is the hundreds digit of 152884922?
9
What is the hundred millions digit of 1185820154?
1
What is the ten millions digit of 51244680?
5
What is the tens digit of 380643724?
2
What is the hundred thousands digit of 6617732090?
7
What is the tens digit of 8649212?
1
What is the hundred millions digit of 237865966?
2
What is the hundred millions digit of 566241857?
5
What is the thousands digit of 44634249?
4
What is the millions digit of 258840968?
8
What is the ten millions digit of 344254376?
4
What is the ten thousands digit of 235246584?
4
What is the ten millions digit of 849668852?
4
What is the hundreds digit of 3370632830?
8
What is the millions digit of 158325427?
8
What is the ten thousands digit of 439304752?
0
What is the thousands digit of 322566195?
6
What is the tens digit of 1021778166?
6
What is the ten thousands digit of 3970498?
7
What is the hundred millions digit of 174796095?
1
What is the units digit of 74346216?
6
What is the hundreds digit of 53405777?
7
What is the billions digit of 1357514545?
1
What is the hundred millions digit of 399517289?
3
What is the hundred thousands digit of 299017836?
0
What is the millions digit of 2050884516?
0
What is the hundreds digit of 5229891?
8
What is the hundred millions digit of 3832655705?
8
What is the hundred thousands digit of 3917989504?
9
What is the hundred thousands digit of 71810658?
8
What is the tens digit of 1220719210?
1
What is the hundreds digit of 141739680?
6
What is the hundreds digit of 33376420?
4
What is the ten thousands digit of 204569430?
6
What is the tens digit of 101959032?
3
What is the millions digit of 350580064?
0
What is the tens digit of 476081447?
4
What is the millions digit of 65594280?
5
What is the tens digit of 113769369?
6
What is the millions digit of 3207047168?
7
What is the ten millions digit of 136123540?
3
What is the ten millions digit of 246769009?
4
What is the hundred thousands digit of 338259603?
2
What is the units digit of 44589226?
6
What is the hundred thousands digit of 660708542?
7
What is the ten thousands digit of 141062118?
6
What is the hundreds digit of 1046489946?
9
What is the ten thousands digit of 214183822?
8
What is the units digit of 455560979?
9
What is the hundreds digit of 5625017818?
8
What is the tens digit of 643085087?
8
What is the hundred thousands digit of 195222085?
2
What is the millions digit of 27087744?
7
What is the hundred millions digit of 1576437327?
5
What is the ten millions digit of 1427604973?
2
What is the tens digit of 391667598?
9
What is the tens digit of 6312919439?
3
What is the hundreds digit of 47100478?
4
What is the ten millions digit of 538782277?
3
What is the thousands digit of 476227218?
7
What is the billions digit of 2475588540?
2
What is the hundreds digit of 359346919?
9
What is the ten millions digit of 549384167?
4
What is the ten millions digit of 88163821?
8
What is the ten thousands digit of 4329694117?
9
What is the millions digit of 293516742?
3
What is the ten millions digit of 494116556?
9
What is the units digit of 66255352?
2
What is the thousands digit of 6068349738?
9
What is the millions digit of 36687369?
6
What is the ten millions digit of 1341401851?
4
What is the thousands digit of 278777168?
7
What is